NOAA-Style Climate Reports

Select a Year or Month report
2017: Jan Feb Mar Apr May Jun Jul Aug Sep Oct Nov Dec
2016: Jan Feb Mar Apr May Jun Jul Aug Sep Oct Nov Dec

Report for 2017 March
                  MONTHLY CLIMATOLOGICAL SUMMARY FOR 3/2017
                                        HEAT  COOL        
     MEAN                               DEG   DEG       WIND SPEED       DOM MEAN  MEAN
DAY  TEMP  HIGH   TIME     LOW   TIME   DAYS  DAYS RAIN AVG  HI  TIME    DIR BAROM HUM
---------------------------------------------------------------------------------------
1    48.7  66.2   4:06pm  34.3   5:35am    5    0  0.00   2  11  10:12am ESE 30.36   46
2    52.1  72.2   2:55pm  34.9   6:04am    4    0  0.00   2   9  10:57am ENE 30.33   45
3    56.2  75.6   2:52pm  38.2   6:32am    3    1  0.00   2   7   1:10pm   E 30.08   40
4    60.6  79.6   1:15pm  45.1   6:38am    2    1  0.00   4  22   2:22pm WSW 29.88   38
5    64.7  72.2   1:31pm  52.3  11:25pm    1    1  0.00  11  40   4:48pm  SW 29.65   24
6    50.2  61.5   2:47pm  38.2   6:36am    4    0  0.00   3   7   2:09am ENE 30.09   23
7    53.7  71.4   2:32pm  32.6   6:25am    3    0  0.00   2   9  10:42am ENE 30.25   33
8    59.3  79.9   3:14pm  39.9   6:16am    2    1  0.00   2   5  12:46am ESE 30.14   39
9    64.8  84.2   3:52pm  43.5   6:36am    2    2  0.00   2   7   1:43pm  SW 30.08   39
10   62.4  81.8   1:47pm  44.4   6:28am    2    1  0.00   2   8  11:57am  SW 30.03   44
11
12
13   80.8  91.1   4:48pm  59.8  11:59pm    0    3  0.00   2   6   2:02pm SSE 29.98   22
14   65.5  91.6   5:03pm  48.7   7:23am    1    2  0.00   2   7   1:59pm SSE 30.03   42
15   67.5  89.5   3:45pm  49.1   6:40am    1    2  0.00   2   9   5:32pm SSW 30.00   38
16   70.3  87.4   4:29pm  51.7   7:14am    1    2  0.00   3  11   3:52pm SSE 29.97   36
17   74.0  89.9   3:16pm  50.2   7:11am    1    3  0.00   2   8   1:40pm WNW 29.97   33
18   71.0  92.7   3:05pm  51.9   6:59am    1    3  0.00   2  14   3:37pm SSW 29.95   37
19   75.7  91.6   2:14pm  54.2   7:12am    0    3  0.00   3  13   2:20pm   E 29.93   30
20   77.5  93.0   3:16pm  59.3   7:27am    0    4  0.00   4  20   3:58pm ENE 29.83   29
21   76.3  87.8   4:35pm  60.7   6:51am    0    4  0.00   5  20   3:24pm  SW 29.79   28
22   70.6  77.5  11:34am  60.9  11:56pm    0    2  0.00   6  21   6:59pm  SW 29.72   41
23   59.4  69.0   2:54pm  51.0  11:55pm    2    0  0.12   3  14   3:26pm NNE 29.84   50
24   60.8  79.3   4:08pm  43.0   7:06am    2    1  0.00   2   6   5:50pm NNE 30.09   54
25
26
27   62.6  70.4  10:16am  53.5   7:19am    1    0  0.03   5  20  12:12pm  NW 29.79   49
28   58.3  71.4   1:54pm  45.6   6:55am    1    0  0.00   6  18  11:36am NNW 29.99   48
---------------------------------------------------------------------------------------
TOT  63.8  93.0  3/20/17  32.6   3/7/17   40   34  0.17   3  40   3/5/17  SW 29.98   39

HEAT BASE: 65.0
COOL BASE: 65.0